10866 and 102?
6
Calculate the highest common divisor of 633248 and 44.
44
What is the highest common divisor of 2327140 and 184?
92
Calculate the greatest common divisor of 154 and 128758.
14
What is the greatest common divisor of 20567 and 785?
157
Calculate the highest common divisor of 1978 and 46.
46
What is the highest common divisor of 29814 and 18?
6
What is the greatest common divisor of 679 and 250163?
97
Calculate the highest common divisor of 15136 and 616.
88
What is the highest common factor of 11 and 1894112?
11
What is the greatest common factor of 27156 and 93?
93
What is the greatest common divisor of 110 and 82885?
55
What is the highest common factor of 3941980 and 224?
28
What is the greatest common factor of 1370 and 24?
2
What is the greatest common divisor of 479618 and 246?
82
Calculate the greatest common factor of 1542360 and 72.
24
What is the greatest common divisor of 7208 and 3502?
34
What is the greatest common divisor of 804915 and 5580?
1395
Calculate the highest common divisor of 4378 and 88754.
398
Calculate the greatest common factor of 76897 and 917.
131
Calculate the highest common factor of 226184 and 28.
28
Calculate the greatest common factor of 420 and 3255.
105
Calculate the greatest common factor of 2608 and 784.
16
What is the greatest common factor of 6800 and 177480?
680
Calculate the greatest common divisor of 4039755 and 15.
15
What is the greatest common factor of 1750144 and 4?
4
Calculate the highest common divisor of 75 and 2615825.
25
Calculate the greatest common factor of 13960056 and 132.
132
What is the greatest common factor of 42949 and 58?
29
What is the greatest common factor of 26419 and 1421?
29
What is the highest common factor of 110 and 133430?
110
What is the highest common divisor of 15588 and 48?
12
What is the greatest common factor of 8762288 and 16?
16
What is the highest common divisor of 502584 and 84?
12
Calculate the highest common divisor of 34 and 31722.
34
What is the highest common factor of 1872 and 360?
72
What is the greatest common factor of 4333 and 1176?
7
What is the greatest common factor of 306 and 613292?
34
What is the highest common divisor of 144 and 550224?
144
What is the highest common divisor of 452299 and 271?
271
Calculate the highest common divisor of 5856 and 348.
12
What is the greatest common divisor of 1240 and 51336?
248
What is the greatest common divisor of 266 and 278806?
38
Calculate the greatest common divisor of 7144 and 1102.
38
What is the greatest common divisor of 229910 and 83?
83
What is the highest common factor of 35906 and 481?
13
What is the highest common factor of 30189 and 3?
3
What is the highest common factor of 152292 and 378?
42
Calculate the greatest common factor of 160 and 126070.
10
What is the highest common divisor of 13856 and 5629?
433
What is the highest common factor of 30276 and 870?
174
Calculate the highest common factor of 410958 and 2312.
578
Calculate the greatest common divisor of 871 and 689.
13
Calculate the greatest common factor of 30 and 176060.
10
Calculate the highest common divisor of 6 and 112782.
6
Calculate the greatest common divisor of 80 and 46160.
80
Calculate the highest common factor of 1357 and 4189.
59
What is the greatest common divisor of 241736 and 12529?
737
Calculate the highest common factor of 1440 and 32295.
15
Calculate the greatest common factor of 40 and 1685.
5
What is the highest common divisor of 2093 and 11648?
91
What is the greatest common factor of 2 and 2483?
1
Calculate the highest common divisor of 1676 and 6.
2
What is the greatest common factor of 77 and 5654?
11
What is the greatest common divisor of 142 and 71284?
142
What is the highest common divisor of 10125 and 288?
9
Calculate the highest common factor of 6028 and 2603.
137
Calculate the highest common divisor of 7813593 and 9.
9
Calculate the highest common divisor of 22561 and 13783.
77
What is the highest common divisor of 3743 and 230687?
197
Calculate the highest common divisor of 20905 and 1130.
565
What is the highest common divisor of 584 and 2343592?
584
Calculate the greatest common factor of 2075 and 4975.
25
Calculate the highest common factor of 1359 and 42733.
151
What is the greatest common factor of 220 and 859892?
44
Calculate the highest common factor of 3705694 and 34.
34
Calculate the greatest common divisor of 8507 and 188.
47
Calculate the highest common divisor of 6528 and 225408.
384
What is the highest common divisor of 208 and 11600?
16
Calculate the highest common divisor of 1981 and 12169.
283
What is the greatest common factor of 1212 and 2292?
12
Calculate the highest common divisor of 465 and 6855.
15
Calculate the greatest common divisor of 86022 and 3645.
729
What is the greatest common factor of 219807 and 756?
189
Calculate the highest common divisor of 483 and 38661.
21
Calculate the highest common factor of 243982 and 2666.
86
What is the greatest common divisor of 11313 and 9637?
419
Calculate the highest common divisor of 98 and 1003716.
98
What is the highest common factor of 102 and 266152?
34
What is the highest common factor of 154305 and 3175?
635
Calculate the greatest common divisor of 23426 and 4.
2
Calculate the greatest common divisor of 12231 and 147.
3
What is the greatest common divisor of 74760 and 1320?
120
What is the greatest common divisor of 360 and 43182?
18
Calculate the greatest common factor of 145 and 72326.
29
Calculate the greatest common divisor of 9312 and 953898.
582
Calculate the highest common factor of 482823 and 126.
9
Calculate the highest common divisor of 510 and 1375.
5
What is the greatest common divisor of 42 and 3899686?
14
Calculate the greatest common factor of 5824 and 144417.
91
Calculate the greatest common divisor of 4115880 and 185.
185
What is the highest common factor of 171 and 171543?
3
What is the greatest common divisor of 14 and 792652?
14
What is the greatest common factor of 78917 and 53?
53
Calculate the highest common divisor of 371 and 1537.
53
Calculate the greatest common factor of 135 and 183942.
9
What is the greatest common factor of 11688 and 42?
6
Calculate the greatest common divisor of 5117 and 1246.
7
Calculate the greatest common divisor of 872 and 500.
4
Calculate the greatest common factor of 1638 and 7938.
126
What is the greatest common factor of 79548 and 84?
84
What is the highest common factor of 175 and 17625?
25
Calculate the greatest common factor of 95506 and 30634.
1802
Calculate the highest common factor of 102283 and 203.
29
What is the greatest common factor of 88044 and 1932?
276
What is the greatest common divisor of 3385200 and 403?
403
Calculate the highest common divisor of 11845 and 70.
5
Calculate the greatest common divisor of 41 and 807659.
41
Calculate the highest common divisor of 210 and 180410.
10
Calculate the greatest common factor of 3719520 and 378.
378
What is the highest common factor of 244160 and 42?
14
Calculate the highest common factor of 6579 and 182535.
129
What is the greatest common factor of 186943 and 71?
71
What is the greatest common factor of 554 and 281986?
554
What is the greatest common divisor of 322 and 104190?
46
What is the highest common divisor of 5 and 669595?
5
Calculate the highest common factor of 83824 and 278876.
1612
What is the highest common factor of 1944 and 348?
12
Calculate the greatest common divisor of 1379 and 423747.
197
What is the highest common factor of 4541 and 165866?
239
What is the highest common factor of 3770 and 689?
13
Calculate the highest common divisor of 4 and 140854.
2
Calculate the highest common factor of 1023 and 3729.
33
Calculate the highest common divisor of 722 and 8303.
361
Calculate the greatest common divisor of 209683 and 3269.
467
Calculate the highest common factor of 6731 and 29083.
127
What is the highest common divisor of 6658880 and 16?
16
What is the greatest common divisor of 179046 and 5220?
522
What is the highest common factor of 114393 and 272?
17
Calculate the greatest common divisor of 1759350 and 10175.
925
Calculate the highest common factor of 6 and 2598.
6
What is the greatest common factor of 390 and 5975970?
390
What is the greatest common divisor of 1029 and 37800?
21
